{"id":13,"date":"2020-05-30T13:56:37","date_gmt":"2020-05-30T12:56:37","guid":{"rendered":"https:\/\/test.buero-woempener.de\/?page_id=13"},"modified":"2020-10-21T13:24:21","modified_gmt":"2020-10-21T12:24:21","slug":"produkte_menue","status":"publish","type":"page","link":"https:\/\/test.buero-woempener.de\/?page_id=13","title":{"rendered":"Produkte"},"content":{"rendered":"\n<p class=\"has-normal-font-size\">Die Finanzm\u00e4rkte sind st\u00e4ndigem Wandel unterworfen und oftmals un\u00fcbersichtlich. Wir behalten f\u00fcr Sie den \u00dcberblick und weisen Ihnen den Weg mit ausgesuchten Verm\u00f6gensanlagen von renommierten Partnern &#8211; und das bereits seit \u00fcber 50 Jahren.<br><br><\/p>\n\n\n\n<div class=\"wp-block-media-text alignwide is-stacked-on-mobile is-vertically-aligned-center\"><figure class=\"wp-block-media-text__media\"><img loading=\"lazy\" decoding=\"async\" width=\"1000\" height=\"667\" src=\"https:\/\/test.buero-woempener.de\/wp-content\/uploads\/2020\/05\/shutterstock_148140776.jpg\" alt=\"\" class=\"wp-image-18\" srcset=\"https:\/\/test.buero-woempener.de\/wp-content\/uploads\/2020\/05\/shutterstock_148140776.jpg 1000w, https:\/\/test.buero-woempener.de\/wp-content\/uploads\/2020\/05\/shutterstock_148140776-300x200.jpg 300w, https:\/\/test.buero-woempener.de\/wp-content\/uploads\/2020\/05\/shutterstock_148140776-768x512.jpg 768w\" sizes=\"auto, (max-width: 1000px) 100vw, 1000px\" \/><\/figure><div class=\"wp-block-media-text__content\">\n<p class=\"has-normal-font-size\">Unser Schwerpunkt liegt in der Vermittlung unternehmerischer Beteiligungen, vornehmlich im Rahmen geschlossener Fonds, die mittlerweile als geschlossene Investmentverm\u00f6gen bezeichnet werden. Wir sind seit den Anf\u00e4ngen des Marktes Ende der 60er Jahre ununterbrochen und mit nachhaltigem Erfolg in diesem Bereich t\u00e4tig.<\/p>\n<\/div><\/div>\n\n\n\n<p class=\"has-normal-font-size\"><br><br>Vertrauen Sie auf unsere jahrzehntelange Erfahrung und Expertise und w\u00e4hlen auch Sie uns zu Ihrem bevorzugten Ansprechpartner in allen Finanzfragen. Wir freuen uns auf Sie!<\/p>\n\n\n","protected":false},"excerpt":{"rendered":"<p>Die Finanzm\u00e4rkte sind st\u00e4ndigem Wandel unterworfen und oftmals un\u00fcbersichtlich. Wir behalten f\u00fcr Sie den \u00dcberblick und weisen Ihnen den Weg mit ausgesuchten Verm\u00f6gensanlagen von renommierten Partnern &#8211; und das bereits &#8230;<\/p>\n","protected":false},"author":2,"featured_media":18,"parent":0,"menu_order":0,"comment_status":"closed","ping_status":"closed","template":"","meta":{"footnotes":""},"class_list":["post-13","page","type-page","status-publish","has-post-thumbnail","hentry"],"_links":{"self":[{"href":"https:\/\/test.buero-woempener.de\/index.php?rest_route=\/wp\/v2\/pages\/13","targetHints":{"allow":["GET"]}}],"collection":[{"href":"https:\/\/test.buero-woempener.de\/index.php?rest_route=\/wp\/v2\/pages"}],"about":[{"href":"https:\/\/test.buero-woempener.de\/index.php?rest_route=\/wp\/v2\/types\/page"}],"author":[{"embeddable":true,"href":"https:\/\/test.buero-woempener.de\/index.php?rest_route=\/wp\/v2\/users\/2"}],"replies":[{"embeddable":true,"href":"https:\/\/test.buero-woempener.de\/index.php?rest_route=%2Fwp%2Fv2%2Fcomments&post=13"}],"version-history":[{"count":15,"href":"https:\/\/test.buero-woempener.de\/index.php?rest_route=\/wp\/v2\/pages\/13\/revisions"}],"predecessor-version":[{"id":1461,"href":"https:\/\/test.buero-woempener.de\/index.php?rest_route=\/wp\/v2\/pages\/13\/revisions\/1461"}],"wp:featuredmedia":[{"embeddable":true,"href":"https:\/\/test.buero-woempener.de\/index.php?rest_route=\/wp\/v2\/media\/18"}],"wp:attachment":[{"href":"https:\/\/test.buero-woempener.de\/index.php?rest_route=%2Fwp%2Fv2%2Fmedia&parent=13"}],"curies":[{"name":"wp","href":"https:\/\/api.w.org\/{rel}","templated":true}]}}